e 11.
-4926aa
46762 (base 8) to base 10
19954
Convert 33031302303 (base 4) to base 8.
17156263
What is 7c8001 (base 14) in base 11?
2441408
-44212214 (base 5) to base 9
-642228
Convert 1110100101010100010 (base 2) to base 6.
14124150
Convert 30241 (base 15) to base 4.
211031002
-365814 (base 14) to base 6
-103503430
What is -1613e (base 16) in base 5?
-10343210
Convert -49964 (base 13) to base 6.
-2523512
-1111111011100110110 (base 2) to base 4
-1333130312
-34636 (base 15) to base 8
-505570
What is -27901a (base 14) in base 16?
-14e4c0
What is 4322340 (base 6) in base 13?
75ccc
Convert 2a37bb (base 15) to base 11.
1171376
Convert -1512340 (base 6) to base 9.
-142786
-1011101110111001100111 (base 2) to base 4
-23232321213
53292 (base 11) to base 5
4440131
What is 30033221213 (base 4) in base 3?
20001002001122
Convert -14114 (base 5) to base 7.
-3244
4b8604 (base 12) to base 11
776240
What is -26417 (base 13) in base 6?
-1304412
-2294899 (base 11) to base 8
-17213101
-10132020 (base 4) to base 16
-4788
-357726 (base 11) to base 8
-2122426
-398b5 (base 13) to base 9
-172640
2212001011111 (base 3) to base 14
2b68d3
a3552 (base 11) to base 5
14313230
Convert -65859 (base 10) to base 7.
-363003
What is 179992 (base 10) in base 7?
1346521
-6d157a (base 15) to base 2
-10011111010001010101110
Convert 79629 (base 10) to base 5.
10022004
Convert 102303031330 (base 4) to base 14.
9240b2
Convert 1044316 (base 8) to base 5.
32441112
What is -630064 (base 8) in base 12?
-a0b04
What is 202301212320 (base 4) in base 11?
5167063
-504413 (base 7) to base 2
-10100111001101101
What is -1444232 (base 6) in base 11?
-58043
What is -1110011111011010111 (base 2) in base 15?
-95a5e
-1102220211 (base 3) to base 9
-42824
Convert 205266 (base 14) to base 15.
167dba
Convert 1210366 (base 7) to base 2.
100101100100000011
Convert -1132142 (base 5) to base 4.
-11012322
What is 11302001223 (base 4) in base 14?
2b64b1
What is -efe3 (base 16) in base 12?
-2b657
-1632555 (base 9) to base 10
-907331
What is 1302010011 (base 4) in base 2?
1110010000100000101
Convert b51484 (base 12) to base 5.
1211440421
-11102300221 (base 4) to base 8
-5226051
Convert 102111232223 (base 4) to base 8.
22255653
182a1 (base 14) to base 7
342361
What is 521960 (base 13) in base 6?
105032435
What is 1001101011001010110001 (base 2) in base 8?
11531261
Convert 121000231 (base 4) to base 5.
11234240
Convert -1385282 (base 10) to base 16.
-152342
-a2585 (base 14) to base 12
-16a161
338b7 (base 14) to base 6
2403401
Convert -36539 (base 15) to base 6.
-3414200
What is 120020101 (base 4) in base 8?
301021
-11200122021 (base 3) to base 13
-33037
What is 1a961b (base 15) in base 4?
10330233200
Convert 11010000010010010000100 (base 2) to base 10.
6825092
Convert -165a5 (base 15) to base 13.
-26ac5
27dd99 (base 14) to base 6
45350215
What is -20020100011 (base 3) in base 4?
-131331133
What is 12241310 (base 5) in base 14?
311a2
What is 146464 (base 12) in base 13?
c004c
Convert 4662336 (base 8) to base 4.
10312103132
Convert 22306215 (base 7) to base 10.
1934973
Convert -6bbaa (base 16) to base 13.
-125acc
What is -244380 (base 9) in base 15?
-2dad3
What is -264b8 (base 15) in base 7?
-1020233
463b7 (base 14) to base 15
3596c
d16782 (base 16) to base 15
1311367
Convert 3332102210 (base 4) to base 10.
1041572
Convert -33221242 (base 8) to base 16.
-6d22a2
What is -124541140 (base 7) in base 2?
-11110011011011001011110
2020122 (base 6) to base 7
546515
What is 3638686 (base 11) in base 7?
104600261
What is 2211312203 (base 4) in base 14?
1397d9
-1c456b (base 14) to base 4
-3312302303
What is -24185 (base 10) in base 9?
-36152
Convert 380a19 (base 14) to base 12.
78887b
What is -a9650 (base 16) in base 4?
-2221121100
14342032 (base 5) to base 7
1204246
-13a3a3 (base 11) to base 14
-59a1a
Convert -23a30 (base 12) to base 11.
-33187
Convert 810345 (base 9) to base 15.
96ee2
Convert 221110201201 (base 3) to base 2.
1111010011001101011
What is 10756376 (base 8) in base 14?
452770
What is 424537 (base 15) in base 7?
35542444
-23179b8 (base 12) to base 9
-13632005
Convert 33990d (base 16) to base 15.
46bde7
Convert -238534 (base 10) to base 13.
-8475a
3bdc28 (base 15) to base 10
2881613
Convert 500616 (base 11) to base 5.
201242443
Convert -a7051 (base 13) to base 15.
-5e305
Convert -11306216 (base 7) to base 2.
-11110010100111110110
What is 10251154 (base 6) in base 8?
1116256
Convert 6067 (base 15) to base 6.
234111
-200212002221 (base 4) to base 2
-100000100110000010101001
Convert 36454412 (base 7) to base 12.
1111045
114521 (base 6) to base 15
3004
What is -101002010111 (base 3) in base 15?
-3dba7
-5c063 (base 13) to base 6
-3343322
Convert b70e2 (base 15) to base 8.
2156150
-144531133 (base 6) to base 12
-1020aa9
What is 660056 (base 7) in base 9?
185128
Convert -110010100100101 (base 2) to base 3.
-1022112000
1100001000011000001110 (base 2) to base 8
14103016
Convert 621271 (base 9) to base 15.
74231
-1120350 (base 6) to base 7
-325440
35ed4c (base 15) to base 3
11212011011000
What is 200153 (base 9) in base 6?
2311203
What is 1501200 (base 7) in base 12?
98b79
Convert 10755662 (base 8) to base 12.
953b56
Convert 7de648 (base 16) to base 12.
291aa34
What is 1b09 (base 16) in base 7?
26115
What is 12148b1 (base 13) in base 8?
25311460
What is -1869564 (base 12) in base 7?
-61332355
-100111101110001111011111 (base 2) to base 10
-10413023
-100011000010000011 (base 2) to base 7
-1135225
445223440 (base 6) to base 3
120020001000020
-1a227 (base 12) to base 5
-2211320
-110331434 (base 6) to base 2
-111100101001001001110
What is 1010000020102 (base 3) in base 9?
1100212
12340335 (base 6) to base 4
1202013203
-330311111 (base 4) to base 15
-4dc68
What is 20002010000 (base 3) in base 6?
2321513
What is -187f1 (base 16) in base 10?
-100337
Convert 31302003031 (base 4) to base 7.
42465112
What is 1431717 (base 9) in base 13?
217c60
321223230 (base 4) to base 3
110000002200
224f8 (base 16) to base 6
3002344
What is -1570 (base 16) in base 4?
-1111300
-241405 (base 6) to base 11
-14943
210221100000 (base 3) to base 14
b3519
What is 12012323310 (base 4) in base 9?
3010466
What is -1ccc25 (base 15) in base 6?
-50120142
What is 11100010100110110111 (base 2) in base 4?
3202212313
421404112 (base 6) to base 3
111211202220122
Convert -204a622 (base 11) to base 13.
-9979c4
Convert -a232097 (base 11) to base 7.
-306500131
351301004 (base 6) to base 2
11000110101000010111100
220201122012102 (base 3) to base 14
1a61060
-201012010101 (base 3) to base 5
-44041323
-11141151 (base 7) to base 6
-32425343
Convert -181360 (base 10) to base 12.
-88b54
-10100001001001011 (base 2) to base 5
-10120012
What is -142266 (base 10) in base 13?
-4c9a7
Convert -36207 (base 13) to base 16.
-1838a
145444406 (base 7) to base 4
211012122320
What is -5165663 (base 9) in base 16?
-2a1c80
-2000212222100 (base 3) to base 14
-201a08
What is -174330 (base 8) in base 5?
-4014304
What is -174301 (base 11) in base 16?
-41baa
Convert -111110111010000010 (base 2) to base 15.
-5152b
What is -8587b (base 12) in base 10?
-175775
-498307 (base 10) to base 14
-cd855
c673c (base 13) to base 3
200010220201
Convert 94891 (base 13) to base 3.
111120200021
130320310 (base 4) to base 14
3119a
Convert -a7091 (base 15) to base 5.
-113430021
Convert 142b661 (base 12) to base 15.
54cca4
Convert -12441203 (base 5) to base 10.
-124553
-11100110111011011011 (base 2) to base 16
-e6edb
What is 2323343041 (base 5) in base 11?
2a96112
Convert 1154658 (base 10) to base 8.
4317142
Convert 101200001102 (base 3) to base 16.
33446
What is -111002020021220 (base 3) in base 13?
-1595820
-22220201220 (base 3) to base 13
-61b5a
What is 110001100010110001001 (base 2) in base 11?
a09789
What is 334471 (base 8) in base 13?
3c549
Convert -b54827 (base 13) to base 4.
-100022132101
Convert -1054145 (base 8) to base 11.
-184a55
What is 1395088 (base 14) in base 3?
122212210002212
-113642012 (base 7) to base 12
-2441328
Convert -11100001000100000 (base 2) to base 14.
-2ddcc
What is -10301352 (base 7) in base 14?
-18a999
What is -10100111100111111 (base 2) in base 5?
-10221243
What is 678552 (base 11) in base 2?
100000111101100100111
Convert 1047587 (base 9) to base 11.
355216
What is 230140043 (base 6) 